0
Let g(t) = -t**3 + 5*t**2 + 5*t + 6. Suppose x - 4 = 0, -x = 5*a - 4*a - 10. Determine g(a).
0
Let u(z) be the first derivative of z**3/6 - z**2/2 - z - 8. Let t(f) be the first derivative of u(f). Determine t(-5).
-6
Let j be 2/(-3)*(-27)/6. Let d be j*(10/6)/(-5). Let o(t) = t**2 + 0*t**2 + 1 + 2*t + 0*t. Give o(d).
0
Suppose -2*l - 7*l + 3*l = 0. Let w(i) = i**2 + i + 5. Give w(l).
5
Let o(c) = c**3 - 8*c**2 + 8*c - 1. Suppose 0 = 4*l - 21 - 7. Give o(l).
6
Let j be (-1)/(-2)*(-24)/(-2). Let r be j/((-1)/(-1)*-2). Let i(f) = -f**2 - f + 4. What is i(r)?
-2
Let c(j) = 5*j**2 - 7*j - 6. Let n(y) = 14*y**2 - 21*y - 18. Let v(u) = 11*c(u) - 4*n(u). Determine v(8).
-2
Suppose 2*a + 4 = 2*o, -4*a - 2*o = o + 22. Let m(b) = -b + 3. What is m(a)?
7
Let p(d) = -d**2 + 2*d. Let y be (-94)/14 - 10/35. Let j(h) = h**3 + 7*h**2 + 2*h + 4. Let t be j(y). Let z be 6/10 - 14/t. Give p(z).
0
Let g(d) be the third derivative of -d**8/6720 - d**7/504 + d**6/720 + 7*d**5/120 + d**4/6 - 4*d**2. Let z(f) be the second derivative of g(f). What is z(-5)?
2
Let j(y) be the first derivative of -y**4/4 - 7*y**3/3 - 7*y**2/2 - 8*y + 3. Suppose -2*i + 24 = -6*i. Give j(i).
-2
Let u(r) = -r + 1. Let x(f) = 4*f + 5. Let j(n) = 5*u(n) - x(n). Suppose -h + o = 2*h - 8, -h + 8 = -3*o. Let t = 3 - h. What is j(t)?
-9
Suppose 41 - 23 = -3*b. Let a(i) = 5*i**3 + i**2 + 8*i + 13. Let t(h) = 6*h**3 + 2*h**2 + 8*h + 14. Let d(r) = 7*a(r) - 6*t(r). Calculate d(b).
-5
Let n(q) = q. Let z(f) = 4*f**3 + 2*f**2 + 5*f. Let y(p) = -4*n(p) + z(p). Give y(-1).
-3
Let f(k) = 5*k**3 + 4*k**2 - k. Let z(v) = -v**3. Let h(d) = f(d) + 4*z(d). Suppose -4*o + 4 = -0*o. Suppose -a - 3*l + o = 14, 2*a - 4 = 4*l. What is h(a)?
4
Let f(g) = g**3 - g**2 - g + 1. Let x(u) = 2*u**3 - u**2 + 2. Let n(a) = -3*f(a) + 2*x(a). Give n(-2).
-9
Let b(s) be the third derivative of -s**7/5040 + s**5/12 + 5*s**2. Let n(l) be the third derivative of b(l). What is n(3)?
-3
Let g(t) = -t**3 + 5*t**2 - 5*t + 5. Let n be g(4). Let v = n - -1. Let s(u) be the second derivative of -u**3/6 + u**2 - u. Calculate s(v).
0
Let w(f) = -f**2 + f + 2. Let d = 8 + -4. Suppose 3*m + 2 = d*t, -3*t = -4*m + t. Calculate w(m).
0
Suppose 0 = -3*v + 2*f + 15, 2*v + f = 3*f + 10. Let t(b) be the third derivative of 0*b + 0 - b**2 - 1/8*b**4 + 5/6*b**3. What is t(v)?
-10
Let y(z) = z + 5. Suppose -4*t - 2 = 2*r, 2*r - 5*r = 4*t + 5. Let o be y(r). Let c(h) = h**3 - 2*h**2 + 2*h - 2. Give c(o).
2
Let y(z) be the second derivative of z**4/12 + 7*z**3/6 + 9*z**2/2 + 7*z. Let q(g) = -5*g - 1. Let j be q(1). What is y(j)?
3
Suppose -20 = -5*z, -2*f - 2 = -4*z + 10. Let l(y) = 5*y**3 - 3*y**3 - 4*y**f - 3*y**3 + 3. Calculate l(-3).
-6
Let b(t) = -2 + 6 + 2*t + 5 - 4. Let v be b(-4). Let w(h) = -h - 5. Determine w(v).
-2
Let h(b) = 3 + 82*b + 5 - 87*b. What is h(6)?
-22
Let v(t) = t**2 + 4*t + 0*t**2 - 2 - 2*t**2. Let n(a) = a - 6. Let f be n(9). Calculate v(f).
1
Let v(g) be the first derivative of -g**4/4 - 5*g**3/3 + 2*g**2 + 5*g + 3. Calculate v(-6).
17
Let i(t) = -3*t - 3 - 11 + 4*t + 5. What is i(0)?
-9
Let b(p) = p**2 - 2*p - 5. Suppose -3*y + 6 + 3 = 0. Let g be (-1 + y + -2)/1. Let m be (1 + g)*(-4)/(-1). Give b(m).
3
Let s be 2/6 + 153/27. Let y(o) be the first derivative of -o**3/3 + 5*o**2/2 + 6*o - 2. What is y(s)?
0
Let u(n) = -5*n + 1. Let j = 4 - 7. Let z be 2/(2 - 1) + 2. Let a = j + z. Calculate u(a).
-4
Let d(h) be the third derivative of h**7/2520 + h**6/120 - h**5/30 + 5*h**4/24 - 3*h**2. Let v(q) be the second derivative of d(q). Give v(-6).
-4
Let b(k) be the second derivative of k**3/3 + k**2/2 + k. Let f(p) = -p**2 - p + 2. Let x be f(-2). Suppose -u - 2*u - 12 = x. Give b(u).
-7
Let i(g) be the second derivative of g**5/20 - g**4/3 - g**3/3 - g**2/2 + 2*g. Let n(l) be the first derivative of -l**2/2 - 2. Let j be n(-4). What is i(j)?
-9
Let r(n) = -6*n - 14. Let k be r(-3). Let g(x) = x + 1. What is g(k)?
5
Let z(x) be the first derivative of -2*x**2 - 3*x - 7. Let y(i) be the first derivative of -i**2/2 - 10*i - 2. Let n be y(-7). Determine z(n).
9
Suppose -3*b + q + 18 = -0*q, -2*b - 2*q = -4. Let t = b + -5. Let j(u) = u + 1. Give j(t).
1
Let m(n) = -n**3 + 4*n**2 + 5*n - 1. Let l be m(4). Suppose -4*k + l = -3*u, 3*k - 2*k - u = 5. Let h(j) = -1 - k*j + j**2 + 1. Give h(3).
-3
Let s(x) be the third derivative of x**5/40 - x**4/24 - x**3/6 - x**2. Let f(v) be the first derivative of s(v). Determine f(-2).
-7
Let f(v) = 5*v - 2*v - 10 - 7*v. Give f(-7).
18
Let j(b) = -2*b + 10. Let p(g) = 1. Let l(k) = 4*j(k) - 44*p(k). Determine l(-3).
20
Let y(u) = 3*u + u**2 + 0*u**2 - 2 + 0*u - 6*u. Give y(4).
2
Suppose 4*i - 3*i = 8. Let m(l) = l**2 - 7*l - 4. Let y be m(i). Let w(j) = -2*j + 4. Calculate w(y).
-4
Let d(h) be the third derivative of h**4/24 + h**3/3 + 4*h**2. Determine d(0).
2
Suppose -5*u = -4*u. Let o(g) = -2 - 6*g**2 + 17*g**2 - 4 - 10*g**2. Calculate o(u).
-6
Let p be (6/(-4))/(2/4). Let g = -8 - p. Let v = 8 + g. Let m(t) = t**3 - 3*t**2 - 4. Give m(v).
-4
Let w = -473/6 - -79. Let z(b) be the second derivative of 0 + 0*b**2 + b + w*b**3. Calculate z(5).
5
Let h(x) = -x**2 + 2*x + 2. Let n = -34 + 22. Let b = -9 - n. Determine h(b).
-1
Let j(t) be the third derivative of -t**6/120 - t**5/10 - t**4/4 + t**3/6 + 3*t**2. Give j(-5).
6
Let i(d) = d**3 + 4*d**2 + 2*d + 2. Suppose 5*k + 3 = 4*b, 19 + 11 = -5*b - 5*k. Determine i(b).
5
Let i(m) = -2*m - 7. Let p be i(-6). Suppose -p*t - 22 + 2 = 0. Let z(j) = j**2 + 4*j - 3. Calculate z(t).
-3
Let i(u) = -u**2 + u + 1. Let j(b) = -b**3 - b**2 - 9*b - 5. Let a(r) = 5*i(r) + j(r). What is a(-5)?
-5
Let z(v) = -v + 3. Suppose 5*a + 20 = 9*a. Calculate z(a).
-2
Let c(f) = -f - f - f**2 + 6*f - 4. Let b be 1*(-1 + 2*3). Suppose 20 = b*r - 5*y, -4*r - 2*y + 0*y = -16. Give c(r).
-4
Let q(a) = 2*a**3 + 3*a**2 - 4*a. Let x(i) = -i**3 - 2*i**2 + 3*i. Let b(d) = -2*q(d) - 3*x(d). Suppose 2*j + j - 4*y = -2, 3*j + 10 = -4*y. Give b(j).
10
Suppose 3*w = 5*n - 32 - 6, 0 = -4*n + 4. Let b = w + 14. Let h(r) = -r**2 + 3*r + 3. Determine h(b).
3
Let v = 5 - 3. Let m(s) = -36*s**2 + s**3 + 2*s - v*s + 5 + 39*s**2. What is m(-4)?
-11
Suppose 0*o = -2*o. Let s(g) = g + 3. Let h(v) = -v - 2. Let f(u) = -2*h(u) - 3*s(u). What is f(o)?
-5
Let y(p) = p**3 - p**2 + p - 2. Let s = 5 + -7. Let k = s + 2. Calculate y(k).
-2
Let m(w) = -w**2 - 5. Let p be m(0). Let h(r) = r**3 + 6*r**2 + 4*r - 1. Give h(p).
4
Let q(t) = -2*t**2 + 2*t - 2. Let x = -52 + 54. Calculate q(x).
-6
Let r be -1 + -1 + 0 - (-7)/3. Let x(a) be the first derivative of -a + a**2 + r*a**3 - 2. Determine x(-3).
2
Let k(g) be the third derivative of -3*g**5/20 + g**4/24 + g**3/6 - 7*g**2. Give k(-1).
-9
Let m(z) = 2*z**2. Let i be m(1). Let f(b) = 3 - b**3 - i*b + 2*b**3 - 2 - 3*b**2 - 2. What is f(4)?
7
Let k(q) = -2*q**2 + 33*q - 37. Let o(z) = -z**2 + 17*z - 19. Let t(c) = 6*k(c) - 11*o(c). Calculate t(9).
5
Let b(x) = -x**3 - x - 8 - 2 + 4. Determine b(0).
-6
Let w(z) = 2*z**2 - z**3 - 5*z + 2*z**3 + 0*z**2 - 4. Calculate w(-3).
2
Let c(q) = q**2 - q - 6. Let v(l) = l**2 + 4*l. Let f be v(-4). Suppose f = -5*h + 3*i + i, 4*h = i. Calculate c(h).
-6
Let a = -3 - -7. Let s(b) = -2*b + 2 + b - 3. Let n(f) = -5*f - 3. Let z(y) = n(y) - 4*s(y). Calculate z(a).
-3
Let c = -3 - -4. Let n(y) = y**2 + c - 2*y**2 + 3 - 7*y. What is n(-5)?
14
Let m(h) = -9*h + 1. Suppose -11*g = -6*g - 5. Give m(g).
-8
Let f(b) = -b**3 - 5*b**2 - 4*b. Let j be f(-4). Suppose 4*t + t - 45 = j. Let i be 2/3 + (-6)/t. Let v(n) = -n - 4. Calculate v(i).
-4
Let i(v) = 4*v + 1. Let j be (1*12 - 2) + 2. Let t = -10 + j. Give i(t).
9
Let d be 4 + -2 + -2 - 0. Suppose d = i - 2. Let n(v) = -3*v**2 - 2*v - 3. Let b(q) = -2*q**2 - q - 2. Let c(y) = 10*b(y) - 6*n(y). What is c(i)?
-6
Let i(t) = t**2 + 5*t + 3. Let a(n) = 3*n + 1. Let c be a(1). Let q be (2 - 9)/(c/(-8)). Suppose -5*f - 3*y = q, -3*f = -2*y - 2*y + 20. Determine i(f).
-1
Suppose 6 = 5*r + 16. Let b(c) = -3*c + 0*c + 0*c + 2 - 3*c**2 + 2*c. Calculate b(r).
-8
Let g(y) = -3*y**3 + 4*y**2 + 3*y. Let h(w) = 7*w**3 - 7*w**2 - 5*w - 1. Let d(r) = -9*g(r) - 4*h(r). Determine d(-7).
4
Let x(o) = -7*o**2 - 10*o - 7. Let b(u) = -10*u**2 - 15*u - 11. Let g(l) = 5*b(l) - 7*x(l). What is g(-4)?
-2